ive q(-2).
20
Let a(p) = 29*p + 5. Let h(z) = -11*z - 2. Let f(g) = 3*a(g) + 8*h(g). Let t = -7 - 8. Let d = -20 - t. What is f(d)?
4
Let g(a) = a**2 + 66*a - 172. Let t(m) = -m**2 - 44*m + 115. Let k(p) = 5*g(p) + 7*t(p). Let r be k(5). Let d(b) = b**2 - 6*b - 3. Calculate d(r).
-8
Let z(s) = s + 6. Let t be z(-2). Suppose -t*l + 21 = -l. Let x(j) = 7*j - l*j + 2*j + 2. Calculate x(-2).
-2
Let b(a) = 4*a**2 - 12*a + 7. Let q = -16540 - -16543. Give b(q).
7
Let y(x) = -3*x**2 - 3*x + 3. Suppose -3*u = 6 - 15. Let c be 7/(7/u) + -3. Suppose c = -11*q + 7*q - 12. Give y(q).
-15
Let l(k) be the first derivative of -k**2/2 - 4*k + 11727. Give l(15).
-19
Let p(v) = 18*v**2 - 33*v + 19. Let i(t) = -5*t**2 + 9*t - 5. Let x(w) = 11*i(w) + 3*p(w). What is x(-1)?
1
Let p = 13 + -12. Let k(m) = m + 31*m**2 + 12*m**2 + p - 31*m**2. Let y(w) = -w**3 + 7*w**2 - 6*w - 1. Let i be y(6). Calculate k(i).
12
Let q(a) = -64*a + 57*a + 19*a. Let h = 150 + -151. Determine q(h).
-12
Suppose 0 = 42*q + 143 + 25. Let g(j) = 35*j + 133. Calculate g(q).
-7
Let w be (-6)/(-24)*46*14. Let y = w + -160. Let t(b) be the first derivative of -13*b**4/4 + b**3/3 - b - 2. Calculate t(y).
-13
Let i(q) = -q - 3*q - 28 + 4*q + q + 18. What is i(-15)?
-25
Let h(z) = -3*z**2 + 151*z + 107. Let k be h(51). Let w(c) = -c**3 + 7*c**2 - 5*c - 4. Calculate w(k).
21
Suppose -5*k + 200 = 5*g, g + 4*g = 3*k + 240. Suppose -y + g = -10*y. Let v(n) = -n**2 - 7*n + 2. Calculate v(y).
12
Suppose 0 = -u + 6*u - 4*k, -4*k = 4*u - 36. Let q be (12/(-4) + 4)*u*-1. Let w(d) = 0 - 4*d**2 - 4*d + 3*d**2 - 5. Calculate w(q).
-5
Let v(r) = -r**2 - 12*r - 5. Let z(o) = o**3 + 10*o**2 + 6*o - 5. Let x be z(-7). Let g be (-8)/1 - (-25)/(x/(-8)). Determine v(g).
15
Let w(c) be the third derivative of c**5/60 + c**4/24 + c**3/6 + 2*c**2. Let u(h) be the first derivative of w(h). Let n = -3200 + 3198. Give u(n).
-3
Let t be 39/260*-5*-4. Let k(y) = -2*y**3 + 6*y**2 + 5*y - 5. Give k(t).
10
Let w(a) = -a**3 + 5*a**2 + 6*a - 5. Let n be 7*(-15)/((-315)/12) - -2. Determine w(n).
-5
Let v(k) = -32*k + 19. Let l(f) = 5*f - 3. Let s(i) = -13*l(i) - 2*v(i). Let b(z) = -4*z - 17. Let n be b(-6). Give s(n).
-6
Let i(q) = -17463 + q - 11*q + 17481. Calculate i(7).
-52
Let l(z) = -2*z**3 + 8*z**2 + 8*z + 2. Let o be l(5). Let n(s) = 10*s - 13*s - 1 - 5 - 6. Determine n(o).
12
Let g(w) = w**2 - 4. Suppose -18 + 10 = -4*j. Suppose i - 5*f = 20, 0 = 5*i + 3*f + j - 18. Let y(r) = -r**3 + 6*r**2 - 4*r - 2. Let b be y(i). Give g(b).
5
Suppose -5*y = 32084 - 31974. Let f(z) = 9*z + 207. Give f(y).
9
Let i(q) = 3*q**2 - 6*q + 19. Suppose -a + 20*k - 17*k + 24 = 0, a - 5*k = 40. What is i(a)?
19
Let z(f) = -7*f**2 - 7*f. Let l(d) = 8*d**2 + 10*d. Let x(a) = 4*l(a) + 5*z(a). Determine x(2).
-2
Let z(k) = -5 - k - 11 + 1. Let a be 1 + -4 + (5 - -10) - 115/5. Determine z(a).
-4
Let a(q) = q**2 - 2*q + 9. Suppose 882*t + 448 = 826*t. Calculate a(t).
89
Let b(x) be the second derivative of x**4/12 - x**3/6 - 11*x. Let a(r) = 6*r - 26. Let g be a(5). Suppose -2*o + 2*w - 6 = -4*o, 0 = g*w - 16. Determine b(o).
2
Suppose 168*v - 21 = 161*v. Let j(l) = 4*l**2 - 5*l - 2. Give j(v).
19
Let x(j) = 2*j**3 - 14*j**2 + 28*j - 186. Let k be x(7). Let t(q) = 7*q - 71. Determine t(k).
-1
Let f(d) = 5*d**2 - 5*d - 12. Let w(x) = -4*x**2 + 4*x + 12. Let o be (3/1)/((-9)/(-12)). Let g(r) = o*w(r) + 3*f(r). Give g(0).
12
Let b(i) = -28*i + 8. Suppose -55*m + 56 = -27*m. Calculate b(m).
-48
Let o(a) = -105*a**2 - 39*a - 3 + 49*a**2 + 57*a**2 + 52*a + 9. Calculate o(-11).
-16
Let o(v) = 3*v**2 - v - 5. Let r(w) = 4*w**2 + w - 5. Suppose -330*i - 50 = -320*i. Let c(z) = i*o(z) + 4*r(z). Calculate c(-4).
-15
Let a(n) = -2*n**3 + 13*n**2 - 8*n + 5. Let x(v) = 5*v**3 - 36*v**2 + 23*v - 15. Let b(p) = 8*a(p) + 3*x(p). Suppose -10 = 3*w + 5. Determine b(w).
-5
Let t(f) = f**3 - 35*f**2 + 33*f + 33. Let b(a) = 585*a - 551. Let g be b(1). Give t(g).
-1
Let n be (2 - 42/15)/(18/(-180)). Let u(v) = v**2 - 8*v. Let g(f) = -f**2 + 8*f + 1. Let i(z) = 3*g(z) + 2*u(z). Determine i(n).
3
Let t be ((-20)/(-110))/(6/66). Let z(d) = d + 0*d**3 - 5*d + 2*d - 3*d**3 - 1. Determine z(t).
-29
Let w(z) be the third derivative of 10*z**2 + 0*z + 0*z**3 + 0 + 1/8*z**4. Let o(t) = 10*t. Let n(v) = 2*o(v) - 7*w(v). What is n(4)?
-4
Let h(x) = -17*x**3 + x**2 - 12*x - 14. Let f(o) = -28*o**3 + 2*o**2 - 23*o - 29. Let p(g) = -3*f(g) + 5*h(g). Determine p(5).
-88
Let q be 585/780 + (-10)/(-8)*-3. Let z(y) = -y**3 - 9*y**2 - 14*y + 12. What is z(q)?
0
Let g(a) be the third derivative of -a**6/120 - a**5/60 + a**4/24 - 2*a**3/3 - 3*a**2. Let c = 24031 + -24031. Determine g(c).
-4
Let h(a) = a. Suppose -5*y = 2*b - 35, 5*b - 20 = 2*y + 24. Suppose -3*u + 12*u - 126 = 0. Let f = b - u. Give h(f).
-4
Let b(f) = 33*f**2 + 11*f + 29. Let y(s) = 34 - 24 + 17*s**2 + 3*s + 3*s + 7. Let z(w) = 3*b(w) - 5*y(w). Calculate z(-1).
13
Suppose 5*u + 149 = 3*w, 3*w + 2*u - 6*u - 148 = 0. Suppose 4*z + 5*v - w = v, 5*z - 5*v = 110. Let a(p) = p**3 - 16*p**2 - 16*p - 11. Give a(z).
6
Let y(i) = i**2 - 13*i + 13. Let m be 106/(-1113) + 2406/126. Determine y(m).
127
Let k(x) = -1. Let u(o) = -6*o - 3. Let s(c) = 1. Let b(m) = -5*s(m) - u(m). Let j(w) = -3*b(w) + 6*k(w). Let a = -4 + 3. Give j(a).
18
Suppose -4*x + 25 = 41. Let w(r) = -r - 6. Calculate w(x).
-2
Let j(x) = 10*x**2 + x - 1. Let p(s) be the first derivative of -s**3/3 + 3*s**2 + 8*s + 266. Suppose -3*c + 12 = -9. Let t be p(c). Give j(t).
10
Suppose -3*p = -4*u - 5, -8*u + 4*p = -4*u. Let l be (5 - (u + 4)) + 1*-4. Let h(v) = v**3 - 3*v**2 - v - 1. Calculate h(l).
-7
Let y(i) = -i**3 - 7*i**2 + 10*i + 12. Let j be (-955)/6*51/(-170)*8. Let s = j - 390. Determine y(s).
-4
Let v(t) be the first derivative of 3*t + 1/4*t**4 - t**2 - 30 + t**3. Determine v(-4).
-5
Let c(n) = n - 5. Suppose -12*j - j = -20*j. Suppose -y - 3*h = -2*y + 2, j = 4*h - 4. Give c(y).
0
Let f(b) be the third derivative of 13*b**5/30 + b**4/24 - 19*b**2 + 17*b. What is f(1)?
27
Let b(k) = -k**2 - 4*k - 4. Let t(p) = -p**3 - 6*p**2 - 5*p - 3. Let c = -170 - -165. Let i be t(c). Give b(i).
-1
Let m(u) be the third derivative of -u**5/30 - u**4/24 - u**3/2 + 551*u**2 + 3*u + 1. What is m(3)?
-24
Let i(x) = -x**2 - 21*x + 66. Let v(d) = -2*d**3 - 5*d**2 - 10*d - 13. Let f be v(-2). Determine i(f).
-6
Let h(a) = 2*a + 4 + 2*a - 3. Let m be h(1). Let j(b) be the third derivative of -b**4/24 + 7*b**3/6 + 282667*b**2. Determine j(m).
2
Let n(b) be the second derivative of -b**4/12 - 7*b**3/6 - 4*b**2 + 38*b. Let m be n(-5). Let u(r) = 1 + 2 + 11*r**m - r - 2. Calculate u(1).
11
Let w(y) = y**3 + 10*y**2 + 9*y - 13. Suppose 24 + 36 = a. Let f = 17 + a. Let u be (-2)/11 - (2716/f)/4. Determine w(u).
-13
Suppose 5*p = -3*p + 304. Let o = p + -29. Suppose -o = 2*i - 3. Let z(v) = -v + 4. Give z(i).
7
Let q(c) = -13*c**2 - 25*c - 130. Let t(o) = 6*o**2 + 12*o + 59. Let n(v) = -5*q(v) - 11*t(v). Calculate n(-8).
-7
Let m(c) be the second derivative of -2*c**5/5 + c**4/12 - c**2/2 + 364*c. Suppose 0*y - y = 4*f + 11, -2*y - f - 1 = 0. Suppose 2 + y = -3*d. Calculate m(d).
8
Let m(o) = -o - 6. Suppose 0 = -3*x + 7*x - 32. Suppose -4*d + x*d = -24. Let y be 7/((-315)/d) + 2/(-15). Give m(y).
-6
Let i(a) = a**3 - 5*a**2 - 3*a - 5. Let n be (0 - 21/(-4))*108/81. Determine i(n).
72
Let q(h) = -6*h**3 - 6 - 5*h**2 + 5*h**3 + 15*h - 19*h. Let u be 13/(((-40)/32)/((-10)/4)). Suppose -u*r = -21*r + 20. What is q(r)?
-6
Let t(h) = -5*h + 26. Let y(o) = 104*o**2 + 308*o - 3. Let b be y(-3). What is t(b)?
-19
Let x(r) be the third derivative of r**5/60 - 3*r**4/8 - r**3/3 - 15913*r**2. Let h(n) = 5*n - 2. Let s be h(2). Give x(s).
-10
Suppose 6*y - y = j - 5, 5*y + 5*j + 5 = 0. Suppose -5*c - 4*s + 9*s + 85 = 0, -s + 2 = 0. Let l(o) = -c*o**2 - o + 4*o**2 - 2*o**2. Give l(y).
-16
Let i(k) = 225*k - 106*k + 2 - 113*k. Let v(d) = -d - 5. Let s be v(-7). Suppose 0 = -5*l + 2*g - 14, -11 = 4*l - s*g + 1. Determine i(l).
-10
Let u(k) = 7*k + 229. Let b(j) = -5*j - 192. Let m(c) = 6*b(c) + 5*u(c). Determine m(11).
48
Let k(m) be the third derivative of m**6/120 + 7*m**5/60 + 5*m**4/24 + 3*m**2 - 208. Give k(-6).
6
Let w(f) = -f**3 - 5*f**2 - 4*f + 4. Let q be (-387)/99 - (-7)/(231/(-3)). Calcula